229
What are the prime factors of 59030?
2, 5, 5903
List the prime factors of 78046.
2, 39023
List the prime factors of 2176.
2, 17
What are the prime factors of 4034?
2, 2017
List the prime factors of 1567.
1567
List the prime factors of 85414.
2, 7, 6101
What are the prime factors of 1235?
5, 13, 19
List the prime factors of 83898.
2, 3, 59, 79
List the prime factors of 117.
3, 13
What are the prime factors of 1760?
2, 5, 11
What are the prime factors of 3237?
3, 13, 83
What are the prime factors of 1498?
2, 7, 107
What are the prime factors of 36778?
2, 7, 37, 71
What are the prime factors of 69722?
2, 71, 491
What are the prime factors of 12615?
3, 5, 29
What are the prime factors of 2754?
2, 3, 17
What are the prime factors of 16015?
5, 3203
List the prime factors of 4521.
3, 11, 137
What are the prime factors of 1851?
3, 617
List the prime factors of 5757.
3, 19, 101
List the prime factors of 4939.
11, 449
What are the prime factors of 21551?
23, 937
List the prime factors of 143.
11, 13
What are the prime factors of 130?
2, 5, 13
What are the prime factors of 17920?
2, 5, 7
What are the prime factors of 1316?
2, 7, 47
What are the prime factors of 4565?
5, 11, 83
What are the prime factors of 345?
3, 5, 23
What are the prime factors of 7875?
3, 5, 7
What are the prime factors of 24095?
5, 61, 79
What are the prime factors of 588?
2, 3, 7
What are the prime factors of 43863?
3, 14621
What are the prime factors of 120746?
2, 60373
What are the prime factors of 8495?
5, 1699
List the prime factors of 384.
2, 3
What are the prime factors of 48712?
2, 6089
List the prime factors of 20269.
20269
What are the prime factors of 37270?
2, 5, 3727
What are the prime factors of 526?
2, 263
What are the prime factors of 9868?
2, 2467
List the prime factors of 205.
5, 41
What are the prime factors of 100382?
2, 53, 947
What are the prime factors of 61200?
2, 3, 5, 17
List the prime factors of 27864.
2, 3, 43
List the prime factors of 2686.
2, 17, 79
List the prime factors of 10732.
2, 2683
What are the prime factors of 1021?
1021
List the prime factors of 1168.
2, 73
What are the prime factors of 32574?
2, 3, 61, 89
What are the prime factors of 228?
2, 3, 19
List the prime factors of 3217.
3217
What are the prime factors of 1111?
11, 101
List the prime factors of 933.
3, 311
What are the prime factors of 96803?
7, 13829
What are the prime factors of 66360?
2, 3, 5, 7, 79
List the prime factors of 368.
2, 23
List the prime factors of 36833.
36833
List the prime factors of 2097.
3, 233
What are the prime factors of 3605?
5, 7, 103
What are the prime factors of 65721?
3, 19, 1153
What are the prime factors of 6586?
2, 37, 89
List the prime factors of 39822.
2, 3, 6637
What are the prime factors of 16751?
7, 2393
List the prime factors of 5989.
53, 113
What are the prime factors of 34943?
83, 421
List the prime factors of 8109.
3, 17, 53
What are the prime factors of 77080?
2, 5, 41, 47
List the prime factors of 13759.
13759
List the prime factors of 6144.
2, 3
What are the prime factors of 52865?
5, 97, 109
List the prime factors of 6621.
3, 2207
List the prime factors of 4618.
2, 2309
List the prime factors of 2785.
5, 557
List the prime factors of 21911.
21911
What are the prime factors of 12114?
2, 3, 673
List the prime factors of 29442.
2, 3, 7, 701
What are the prime factors of 4144?
2, 7, 37
What are the prime factors of 20242?
2, 29, 349
List the prime factors of 10763.
47, 229
List the prime factors of 11516.
2, 2879
What are the prime factors of 8732?
2, 37, 59
What are the prime factors of 5298?
2, 3, 883
What are the prime factors of 3633?
3, 7, 173
What are the prime factors of 61371?
3, 2273
List the prime factors of 4121.
13, 317
What are the prime factors of 6504?
2, 3, 271
List the prime factors of 1981.
7, 283
List the prime factors of 2474.
2, 1237
List the prime factors of 35235.
3, 5, 29
What are the prime factors of 736?
2, 23
List the prime factors of 39607.
39607
What are the prime factors of 136172?
2, 59, 577
What are the prime factors of 1667?
1667
What are the prime factors of 20597?
43, 479
What are the prime factors of 1912?
2, 239
List the prime factors of 94705.
5, 13, 31, 47
What are the prime factors of 1561?
7, 223
What are the prime factors of 91676?
2, 13, 41, 43
List the prime factors of 825.
3, 5, 11
List the prime factors of 356.
2, 89
List the prime factors of 1261.
13, 97
List the prime factors of 75.
3, 5
List the prime factors of 3.
3
List the prime factors of 2850.
2, 3, 5, 19
What are the prime factors of 9410?
2, 5, 941
What are the prime factors of 104?
2, 13
What are the prime factors of 1268?
2, 317
List the prime factors of 1292.
2, 17, 19
What are the prime factors of 7492?
2, 1873
What are the prime factors of 543?
3, 181
What are the prime factors of 21445?
5, 4289
What are the prime factors of 18585?
3, 5, 7, 59
What are the prime factors of 6351?
3, 29, 73
What are the prime factors of 20228?
2, 13, 389
What are the prime factors of 2411?
2411
List the prime factors of 59122.
2, 7, 41, 103
What are the prime factors of 11683?
7, 1669
List the prime factors of 19104.
2, 3, 199
List the prime factors of 10902.
2, 3, 23, 79
List the prime factors of 834.
2, 3, 139
List the prime factors of 7231.
7, 1033
List the prime factors of 23091.
3, 43, 179
What are the prime factors of 5685?
3, 5, 379
List the prime factors of 3341.
13, 257
What are the prime factors of 9028?
2, 37, 61
What are the prime factors of 2637?
3, 293
What are the prime factors of 1296?
2, 3
What are the prime factors of 2310?
2, 3, 5, 7, 11
List the prime factors of 4253.
4253
List the prime factors of 63.
3, 7
List the prime factors of 13374.
2, 3, 743
What are the prime factors of 420?
2, 3, 5, 7
List the prime factors of 2438.
2, 23, 53
List the prime factors of 94581.
3, 31, 113
List the prime factors of 952.
2, 7, 17
List the prime factors of 1652.
2, 7, 59
What are the prime factors of 981?
3, 109
What are the prime factors of 7455?
3, 5, 7, 71
What are the prime factors of 4777?
17, 281
What are the prime factors of 176699?
176699
List the prime factors of 659.
659
List the prime factors of 145308.
2, 3, 12109
List the prime factors of 9402.
2, 3, 1567
What are the prime factors of 2600?
2, 5, 13
List the prime factors of 4290.
2, 3, 5, 11, 13
List the prime factors of 25190.
2, 5, 11, 229
What are the prime factors of 4415?
5, 883
What are the prime factors of 88582?
2, 13, 3407
List the prime factors of 126.
2, 3, 7
List the prime factors of 492.
2, 3, 41
List the prime factors of 31029.
3, 10343
What are the prime factors of 4597?
4597
What are the prime factors of 1809?
3, 67
List the prime factors of 2234.
2, 1117
List the prime factors of 16481.
16481
What are the prime factors of 140212?
2, 35053
What are the prime factors of 12281?
12281
What are the prime factors of 61842?
2, 3, 11, 937
List the prime factors of 37969.
43, 883
List the prime factors of 101193.
3, 89, 379
List the prime factors of 5958.
2, 3, 331
What are the prime factors of 2643?
3, 881
List the prime factors of 8558.
2, 11, 389
List the prime factors of 507.
3, 13
List the prime factors of 52326.
2, 3, 17, 19
What are the prime factors of 11258?
2, 13, 433
What are the prime factors of 1066?
2, 13, 41
List the prime factors of 1585.
5, 317
List the prime factors of 7475.
5, 13, 23
What are the prime factors of 17378?
2, 8689
What are the prime factors of 4968?
2, 3, 23
List the prime factors of 2702.
2, 7, 193
List the prime factors of 17633.
7, 11, 229
List the prime factors of 15979.
19, 29
List the prime factors of 47686.
2, 113, 211
List the prime factors of 2676.
2, 3, 223
List the prime factors of 38706.
2, 3, 6451
What are the prime factors of 356?
2, 89
What are the prime factors of 904?
2, 113
What are the prime factors of 9186?
2, 3, 1531
What are the prime factors of 7067?
37, 191
List the prime factors of 93244.
2, 23311
List the prime factors of 89927.
19, 4733
What are the prime factors of 5424?
2, 3, 113
What are the prime factors of 4022?
2, 2011
What are the prime factors of 3381?
3, 7, 23
List the prime factors of 13505.
5, 37, 73
What are the prime factors of 71081?
71081
What are the prime factors of 53449?
11, 43, 113
List 